highest common divisor of 9 and h?
3
Suppose -96*d + 1995 = -77*d. What is the highest common divisor of d and 4305?
105
Suppose -10*s - 16*s = -8788. Suppose -68*w = -94*w + s. Calculate the greatest common divisor of 208 and w.
13
Suppose -32129 = -23*j + 13227. What is the greatest common divisor of 580 and j?
116
Let m be 1*3*(-2)/(-14) + 15988/196. Calculate the highest common factor of m and 1107.
41
Let r(s) = 69*s**2 - 177*s - 1507. Let u be r(-9). What is the highest common factor of 50 and u?
25
Suppose 0 = -7*c - 941 + 262. Let r = c - -161. Calculate the highest common divisor of r and 8.
8
Let f(g) = 71*g + 1. Suppose -1 = -3*o + 2*o. Let r be f(o). Suppose 0 = -3*v - 15, 5*s + 5*v - r = 8. Calculate the highest common divisor of 3 and s.
3
Let h(z) = -15*z**3 + 6*z**2 + 13*z + 9. Let b be h(-3). Calculate the greatest common divisor of b and 165.
33
Let c(k) = -k**2 + 3*k + 158. Let l be c(-30). Let p = -724 - l. What is the highest common divisor of 27 and p?
27
Let u = 2439 - 2355. Calculate the highest common divisor of u and 49.
7
Let x = -598 + 1021. What is the greatest common factor of 45 and x?
9
Let d be -1 - 1*(-6 + 1). Suppose 0 = 3*r - 7*r - 5*q + 69, -4*q - 35 = -5*r. Let p = 13 - r. Calculate the greatest common factor of p and d.
2
Suppose 682 = 18*r - 1334. Calculate the greatest common divisor of r and 8540.
28
Let g = -10297 - -10342. What is the greatest common factor of 705 and g?
15
Let u = 410 + -241. What is the greatest common factor of u and 1352?
169
Let v(w) be the first derivative of 14*w**2 - 20*w - 105. Let n be v(3). Calculate the greatest common factor of n and 704.
64
Let r be (5/3)/(258/27 - 9). Suppose 4 = -4*k, 13 = 4*u - r*k - 2*k. Calculate the highest common factor of 8 and u.
2
Suppose 302 - 10162 = 2*k - 22*k. What is the greatest common divisor of k and 29?
29
Suppose k = 57*f - 55*f + 785, -f - 3880 = -5*k. Calculate the highest common divisor of 279 and k.
31
Suppose 4*b + 17 = -4*l + 89, -30 = -3*b + 5*l. Let x be (-3)/(1/(4/6)) - -1. Let p be (11 - -4)/3 - 235/x. What is the highest common factor of b and p?
15
Let g = -8 + 26. Let o be 24*4/g*30. Suppose -9*b + o = -4*b. What is the greatest common divisor of b and 8?
8
Let o = -1797 + 2165. What is the highest common factor of o and 16?
16
Let a(k) = -7 + 104*k + k**2 + 105*k - 202*k. Let u be a(-8). What is the greatest common divisor of 2 and u?
1
Let n be 5*5 + 3/(-16)*-16. Calculate the greatest common factor of 10206 and n.
14
Suppose -n + 3109 = x, 2*n - 3*x = x + 6182. What is the greatest common factor of 145 and n?
29
Suppose 4*s + 2*h - 42 = 0, 0 = 3*s + 2*s - h - 70. Let y = -226 + 330. What is the highest common divisor of s and y?
13
Let k = 221 - 325. Let n = k + 118. Calculate the highest common factor of 182 and n.
14
Suppose 2*s = -s - 117. Let w be 4*(0 + -1) - s. Let a(v) = 4*v**2 + 6*v + 21. Let j be a(-7). What is the greatest common divisor of w and j?
35
Let h be (-29186)/(-38) - (-43)/(-817). Calculate the highest common divisor of h and 272.
16
Suppose 92*z + 35*z = -24*z + 64930. Calculate the highest common divisor of 10535 and z.
215
Suppose 0 = 503*u - 285*u - 15696. Let q(i) = 2*i**2 - 8*i + 3. Let y be q(6). What is the highest common divisor of u and y?
9
Suppose 200*r + 47150 = 223*r. What is the highest common divisor of 246 and r?
82
Let d be -756*(5 + (-170)/30). What is the greatest common factor of 112 and d?
56
Let d = 383 + -279. Calculate the greatest common factor of 572 and d.
52
Suppose 3*p + 100 = 2*v, 3*p - 36 = -4*v + 146. Calculate the greatest common factor of v and 235.
47
Suppose 4*g + 2*f + 0*f = 14, g + 19 = -5*f. Let z be (-5)/(-2)*(-12)/g. Let q be (-72)/z - 6/15. Calculate the highest common divisor of 21 and q.
7
Let b = 4866 - 4821. Suppose -4*j - 110 = j. Let q be 180*(-2 + j/(-8)). Calculate the greatest common factor of q and b.
45
Let l be 3*(-3)/(-9)*(3014 - 454). What is the highest common divisor of l and 1760?
160
Let c = -36445 - -36500. What is the greatest common divisor of c and 10?
5
Let a(h) = 3 - 83*h + 167*h - 90*h. Let k be a(-4). What is the greatest common factor of 54 and k?
27
Suppose 260 = 4*b - 0*b. Suppose b = 4*h + h. Let l be (-2)/33 + (-71115)/(-5445). What is the greatest common factor of l and h?
13
Suppose 3*n = 8*n - 275. Let g = 85 - n. Suppose z - 155 = -4*z + 4*y, z = y + g. Calculate the greatest common divisor of z and 245.
35
Let r be 9*7/((-63)/(-3)). Suppose -r*o = -l - 42, -2*l = -2*o + 3*l + 41. What is the greatest common divisor of 91 and o?
13
Suppose 4*h - 37 = -5*k + 11, -3*k + 4*h = -48. Let z be ((-6)/1)/(42/(-28)). What is the highest common factor of z and k?
4
Suppose i - 10 = -3*i + 3*a, 0 = -2*i + 4*a. Suppose 0 = -2*c - i*h + 233 + 155, 5*h = 5*c - 1015. What is the highest common divisor of 350 and c?
50
Let g(p) = -p - 1. Let o be g(0). Let t be (o/(1 + 2))/((-13)/(-2847)). Let c = t - -115. Calculate the highest common divisor of c and 63.
21
Let s(m) = 12*m - 21. Let j be (-1)/(-2*3/48). Let w be s(j). What is the highest common factor of 30 and w?
15
Let x = -467 + 469. Let n(a) = -a**2 + 2. Let z be n(-2). Let h be z*x/(-4) + 9. What is the greatest common factor of h and 25?
5
Let r(w) = 151*w + 116. Let p be r(26). What is the highest common divisor of p and 282?
94
Suppose -12*m - 89 = 55. Let j be (19/57)/(11/m - -1). Suppose -x - 4*r + 2 - 6 = 0, 0 = 2*x + 4*r - j. Calculate the highest common factor of x and 40.
8
Let l be (97 - 1)/(1 + 0). Let v(t) be the first derivative of t**4 + 2*t**2 - 8*t - 38. Let d be v(2). What is the greatest common divisor of l and d?
32
Suppose 235*r - 256500 = 14*r - 154*r. Calculate the highest common divisor of 2223 and r.
171
Suppose 5*p - 69 = 4*a + 109, -32 = -p + 2*a. Calculate the greatest common divisor of p and 3439.
19
Suppose -5*f = -2*d + 129, 0 = -2*d - 53*f + 55*f + 120. What is the highest common factor of 8265 and d?
57
Suppose 32*j + 65 = 59*j - 22*j. What is the highest common divisor of 1 and j?
1
Let o(v) be the second derivative of -v**3 - 10*v**2 - 3*v. Let t be o(-7). Let u be t*(-27)/6*-1. Calculate the highest common factor of u and 11.
11
Let p be (4/8)/(2/16) + 199. Let a(r) = -34*r - 972. Let w be a(-29). Calculate the highest common divisor of w and p.
7
Let g(j) = j**3 + 72*j**2 + 24*j - 401. Let r be g(-71). What is the greatest common divisor of r and 120?
8
Suppose 7961 = -14*p + 50675. Calculate the highest common factor of 226 and p.
113
Suppose 48401 = 110*d - 40*d + 12281. What is the highest common factor of 12 and d?
12
Suppose -3*m + j - 6*j + 571 = 0, -4*m = 5*j - 768. Let n = m + -117. What is the highest common divisor of 64 and n?
16
Let o be 2 + -4 + 141 - (0 + -1). Let u(x) = 6*x**2 + 162*x + 40. Let w be u(-27). Calculate the highest common divisor of w and o.
20
Suppose -6*w = 3*y - 11*w - 47, -10 = -2*w. Calculate the highest common divisor of y and 1792.
8
Let r(o) = o**3 + 25*o**2 + 38*o + 26. Let d be r(-23). Suppose 80*k - 83*k + d = 0. Calculate the highest common divisor of 14 and k.
14
Let m(n) = 9*n + 3*n**2 - 288 + 132 + 126. Let z be m(-8). Let l be 2 + -3 + 36 + 1. Calculate the highest common divisor of z and l.
18
Let h = -76 - -79. Let m(r) = -2*r - 9. Let i be m(-7). Suppose -i*x + 25 = 0, 2*f = -0*f + 4*x + 4. Calculate the greatest common divisor of h and f.
3
Suppose 5*b - 250 = 5*w, -2*w + b = 2*w + 188. Let n = w - -51. Suppose -n*r + 333 = -2*m, m = -r + 3*m + 73. What is the greatest common factor of 13 and r?
13
Suppose 57*o + 3*v = 61*o - 43, 39 = 2*o + v. Calculate the greatest common factor of 796 and o.
4
Suppose 3*j - 3*o = 756, -17*o - 1011 = -4*j - 14*o. Calculate the highest common factor of 45 and j.
15
Let h(f) = -61*f + 2. Let y be 6 + (-12)/(-8)*-8. Let q be h(y). What is the greatest common factor of 69 and q?
23
Suppose -9*q - 111*q + 796093 = 146893. What is the highest common divisor of q and 2?
2
Suppose 50*o = w + 54*o - 37, -2*w + o + 92 = 0. Let d = 171 + 24. Suppose 6*z - w = d. Calculate the greatest common factor of z and 80.
40
Let c = -354 - -414. Let u = 96 - 6. Calculate the highest common factor of c and u.
30
Let p be ((500/8)/25)/(1/24). Suppose -18*r = -23*r + p. What is the